= 4*z**2 - 25*z - 5. What is the units digit of i(15)?
0
Let b be (-9)/18 - (-2 + (-7)/2). Suppose 4*v = -4*c + 108, b*c - 3*c - 3*v - 54 = 0. What is the units digit of c?
7
Let y = 47 - 19. What is the units digit of 0 - (-1464)/y - 4/14?
2
What is the thousands digit of (-1 + 13762/(-6))/(14/(-21))?
3
Let v(o) = 7*o + 12*o + 0*o + 3 - 2. What is the units digit of v(6)?
5
Let a(k) = k**3 + 2*k - 3. Let h be a(2). Suppose 5*m = -d - 2, 4*d + 55 = -m + h. Let q(s) = -s**3 - 11*s**2 + 12*s + 4. What is the units digit of q(d)?
4
Let q(k) = 110*k - 1. Let i be q(1). Let t = i + -54. Suppose 0*x = 5*x + 5*n - t, -x + n = -15. What is the tens digit of x?
1
Suppose -4*d + 3*d = 9. Let j(h) = 2*h**2 - 10*h + 14. Let l(m) = m**2 - 9*m + 15. Let x(z) = 2*j(z) - 3*l(z). What is the units digit of x(d)?
1
What is the thousands digit of (524/(-3) + -11)/(3/(-18))?
1
Suppose 5*m = 2*m + 612. What is the units digit of m?
4
Suppose 2*o = -3*t + 2371, o + t - 731 = 456. What is the hundreds digit of o?
1
Suppose 4*n - 86 = 2*z - 10, 62 = 2*n + 5*z. Suppose n = 2*u - 45. Suppose -4*t + 3*b - 4 = -48, -3*t - b + u = 0. What is the units digit of t?
1
Let u(g) = 14*g**2 - 2*g + 9. Suppose -5*t + 15*t + 30 = 0. What is the units digit of u(t)?
1
What is the tens digit of (((-20)/(-25))/1)/(2/4570)?
2
Let o(l) = 0*l**2 - 2*l**2 + 7*l - l + 6 + 3*l**2. Let q be o(6). Suppose 4*j + 3*b - q = 0, 2*b = j - 6*j + 101. What is the units digit of j?
1
Suppose 0 = 3*w + w - 12. Suppose -s - 84 = -w*s. Let m = s + -24. What is the units digit of m?
8
Suppose 1300 = -6*j + 11*j. What is the hundreds digit of j?
2
Let q(y) be the second derivative of 0 - 2/3*y**3 + 3/2*y**2 - 3*y. What is the units digit of q(-4)?
9
Let j(k) = -5*k**3 - 2*k + k**2 + 10 + 15*k**3 - 9*k**3. Suppose 6*x - 4*x = 0. What is the tens digit of j(x)?
1
Suppose -94 = -2*h - 4*y, h - 11 = 3*y + 11. What is the tens digit of h?
3
Let b be 6/3*57/38. Suppose -4*j + 4 = -20. What is the units digit of (-1 - b/j)*-16?
4
Suppose 128*t = d + 130*t - 3789, -2*d - 5*t + 7582 = 0. What is the units digit of d?
1
What is the hundreds digit of (0 - (-3414)/7)/((-5)/(-35))?
4
Let j(l) be the first derivative of l**3/3 - 4*l**2 - 9*l - 5. Let u be j(9). What is the units digit of 2*15/(1 + u)?
0
Let o(d) = -d - 9. Let j be o(-14). Suppose 0 = 4*u + 2*t - 54, 0 = 3*u - j*u - 4*t + 24. Let f = 17 - u. What is the units digit of f?
3
Suppose -7774 = 8*z + 2754. What is the tens digit of ((z/(-8))/(-7))/(2/(-4))?
4
Let s = 1 - 5. Suppose -17 - 31 = -2*d. Let c = d - s. What is the tens digit of c?
2
Suppose 2*t = -0*n + 5*n - 30, n = -t - 1. Let p(z) = 3*z - 8. Let q be p(n). Suppose -4*i + 2*o + 112 = 6*o, q*i - 2*o = 100. What is the tens digit of i?
2
Let i(q) = 172*q**2 - q - 1. Let a be (-5)/20 - (45/12)/5. What is the hundreds digit of i(a)?
1
Let l(t) = -5*t**2 - 7*t - 2. Let u be l(6). Let b be u/(-21) + (-2)/3. What is the tens digit of (-108)/(-10)*b/4?
2
Suppose 4*h - f - 5787 = -6*f, -h = -3*f - 1434. Suppose 433 - h = -5*x. What is the hundreds digit of x?
2
Let w(k) = -152*k - 41. What is the units digit of w(-5)?
9
Let o(l) = -5*l + 5 - 2*l**2 + 3*l**2 - 2*l - 4*l. Let b be o(11). Suppose 5*k - 2*h + b*h - 295 = 0, -3*k + 153 = -3*h. What is the units digit of k?
6
Suppose 5*y + 0*k - 16806 = -3*k, -2*y - k + 6723 = 0. What is the units digit of y?
3
Suppose 0 = 3*n - 87 + 12. Suppose 5*u + 8 + 2 = 5*z, 0 = -3*z - 4*u + 6. What is the tens digit of 4/(z + 2)*n?
2
Suppose -f - 3*p + 21 = -2*f, 0 = 2*f + 5*p + 97. What is the units digit of (168/f)/(4/(-54))?
3
Suppose 0 = -2*p - 2*h + 12, 18 = p - 2*h - 0*h. What is the units digit of p/55 - (1602/(-22) + -1)?
4
Let k(i) be the third derivative of -i**4/2 + 5*i**3/6 + 25*i**2. What is the hundreds digit of k(-13)?
1
Let d be (-156)/(-2)*(0 - -3). Suppose 5*w = -4*a + d - 80, 2*w + a - 64 = 0. What is the tens digit of w?
3
Let f = -4051 + 7523. What is the tens digit of f?
7
Let c be ((-8)/3)/((-42)/63). Suppose -c*r + 98 = -3*r. What is the units digit of r?
8
Suppose -c = 3*h + 358, -4*h - 2*c - 206 = 274. Let b = 32 + -116. Let a = b - h. What is the units digit of a?
4
Let y be (-1)/2 + 95/(-10). Let z be (-54)/y - (-2)/(-5). Suppose 3*l - h + z*h = 46, -2*l = -h - 16. What is the units digit of l?
0
Suppose 7 = 3*k + 28. What is the units digit of (k/(-2) - -1)/(9/300)?
0
Suppose 402 = -6*s - 30. What is the hundreds digit of 60/9*s/(-4)?
1
Let a = 415 - -430. What is the tens digit of a?
4
Let h(o) = -4*o - 23. Let f be h(13). Let j = f - -140. What is the tens digit of j?
6
Suppose 0 = -4*d + d. Suppose 0 = -k - d*k + 3. Suppose a = -k + 12. What is the units digit of a?
9
Suppose 8*b - 5*b = 423. Let f be 2 - (-3 - b - -3). Suppose 0 = -5*o - 2*l + 142, 0*o - 5*o - 3*l + f = 0. What is the tens digit of o?
2
Let b be (30/(-35))/(9/(-42)). Suppose d = b*d. Suppose -m = -3*o - 67, d*o - 201 = -3*m - 4*o. What is the units digit of m?
7
Suppose -47*a + 182102 - 50408 = 0. What is the hundreds digit of a?
8
Let w be (3 - -15) + (2 - 5). Let y = -14 + w. What is the units digit of (2 - -27)*(2 - y)?
9
Let d = 152 - 150. Suppose -2*j + j + 5*i + 40 = 0, 2*j - 53 = i. Suppose 4*z - d*w = -w + 27, 3*w + j = 5*z. What is the units digit of z?
8
Let o(f) = 31*f + 1. Let q be o(1). Suppose q + 3 = 5*i. Suppose i*u - 101 = 137. What is the tens digit of u?
3
Let m = -77 + 259. Let r = m + -20. What is the tens digit of r?
6
Suppose -3*y = 2*y + 2595. Let x = y - -933. What is the tens digit of x/10 - (-4)/(-10)?
4
Suppose -3*t + z + 5 = -3, z = 4. Suppose -11 = t*i - 67. What is the units digit of i?
4
Suppose 5*q + 6 = 3*x, 2*x - 4*x - 1 = -5*q. Suppose 11 - x = n. What is the tens digit of 54/(-36) - (-262)/n?
6
Let p(g) = 24 - g + 0 - 6. What is the tens digit of p(6)?
1
Let j be (-1)/(-3 - (-32)/12). Suppose 5*w = -2*u + 15, 2*w = -u + j + 2. Suppose w*p + 59 = 5*d - d, -p + 68 = 3*d. What is the units digit of d?
1
Let j be (-14)/(-63) - 34/(-9). Suppose -3*o + 5*z = -437, j*z = 2*o - 215 - 77. What is the tens digit of o/15 - (-2)/5?
1
What is the units digit of (-338)/(-4) - 105/42?
2
What is the tens digit of (-4958)/(-10) + 5 + (-8)/10?
0
Let c(x) = -4*x**3 - 4*x**2 - 5*x + 5. Let q(d) = -d**3 + d**2 + d - 1. Let g(m) = c(m) + 4*q(m). Let w be g(1). What is the tens digit of (5 + w)/((-3)/38)?
3
Suppose x = i + 2*i + 280, -1094 = -4*x - i. What is the tens digit of x?
7
Suppose 13*t = 9300 + 5130. What is the hundreds digit of t?
1
Suppose 3*f - f = 384. What is the units digit of -1 - (f/(-5) + 4/10)?
7
Let r = -113 - -116. Suppose -2*u - 5*n + 289 = 0, u - r*n - 591 = -3*u. What is the tens digit of u?
4
Suppose -3*p - 2*p - 160 = 0. Let x be p/(-6)*12/8. Suppose 1 = x*u - 7*u. What is the units digit of u?
1
Suppose 0 = -4*j - 0*j - 16. What is the hundreds digit of (-48)/(-18)*j/((-12)/117)?
1
Suppose -3*u + 2*z + 79 = 0, 0 = 3*u - 2*z - 3*z - 76. What is the tens digit of u?
2
Let c(p) = 26*p**2 - 36*p - 111. What is the thousands digit of c(-10)?
2
Let q(s) = s**3 + 7*s**2 - 16*s - 2. Suppose 2*y - 3 = -19. What is the tens digit of q(y)?
6
Let d = -36 + 57. Suppose 5*r = b - 14, -4*b + 5*r = -5 - d. Suppose 2*i = -4*y + 72, -i - 2*y = b*i - 196. What is the tens digit of i?
4
Suppose -10*y + 100 = -6*y. Let k be 13/(-2)*(0 + 2). Let v = y + k. What is the tens digit of v?
1
What is the hundreds digit of 6/(-9)*(-1)/((-1)/(-1074))?
7
Let d be (-5 - -1)*10/(240/1602). Let p = d + 382. What is the hundreds digit of p?
1
Let d(c) = -3*c + 158. What is the units digit of d(23)?
9
Let s(g) be the second derivative of 15*g**3/2 + g**2 - 12*g. What is the units digit of s(1)?
7
Suppose 3*v - 168 = 1986. What is the tens digit of v?
1
Let c(n) = n**2 - 5*n + 1. Let o be c(5). Let s be 62/4 - o/(-2). Suppose k + g - 24 = -0*k, -k + s = -3*g. What is the tens digit of k?
2
Let m = -181 - -806. What is the units digit of m?
5
Suppose 6*w + 12 = 10*w. Let y be (4*(w - -4))/2. Suppose -2 = 4*q - y. What is the units digit of q?
3
Suppose 4*q = -2*u + 30, 2*u + q = 4*u - 35. Suppose -19*g + 210 = -u*g. What is the hundreds digit of g?
1
Let v(r) = 2*r + 9. Let c(x) = x. Let o(h) = c(h) - v(h). Let q be 4*((-18)/4 - -2). What is the units digit of o